 5) to base 8.
1676173
Convert -190441 (base 11) to base 8.
-1074745
-1a349a (base 16) to base 5
-414424102
What is -88a41 (base 11) in base 4?
-133200013
-189d67 (base 15) to base 8
-4443314
What is 3621181 (base 9) in base 4?
13133021332
Convert 692b (base 12) to base 11.
8876
What is -10110100111100101010 (base 2) in base 15?
-e990c
33267 (base 8) to base 15
423c
Convert 10443152 (base 9) to base 16.
4d05ac
-11202212000000 (base 3) to base 10
-2536191
Convert -43432223 (base 5) to base 16.
-5b52f
-112113002 (base 4) to base 11
-628a0
2e586 (base 15) to base 12
727b3
16432 (base 14) to base 7
321262
2001126 (base 8) to base 5
113244021
Convert 4236002 (base 8) to base 12.
46576a
Convert 999843 (base 12) to base 11.
14193a9
Convert 10102222201 (base 3) to base 13.
24b17
Convert -1311232202 (base 4) to base 16.
-75ba2
-101101110001110010000 (base 2) to base 11
-935010
Convert 3370535 (base 8) to base 6.
31330205
Convert -d26 (base 16) to base 9.
-4550
What is 4347635 (base 8) in base 11?
727a87
What is -31443120 (base 7) in base 3?
-12000110100020
What is 155621 (base 7) in base 6?
354432
-330010012 (base 4) to base 8
-740406
Convert a20033 (base 11) to base 16.
190594
Convert 3546463 (base 11) to base 3.
102122100000200
Convert 4135252 (base 7) to base 3.
221020000021
Convert 953cd6 (base 16) to base 14.
142842a
11000010011100101110 (base 2) to base 16
c272e
What is -2446c9 (base 15) in base 13?
-48a3b9
What is 1475 (base 10) in base 11?
1121
What is -1c7b8 (base 16) in base 13?
-41142
What is 3440255 (base 11) in base 7?
102102320
-104404014 (base 7) to base 2
-11000000011000100001000
Convert -101001000111110 (base 2) to base 11.
-14900
Convert -280939 (base 10) to base 11.
-18208a
10628265 (base 10) to base 3
201222222020110
What is 1014423522 (base 6) in base 5?
10202010134
-2376 (base 10) to base 2
-100101001000
Convert -646220 (base 10) to base 7.
-5331011
Convert 15742231 (base 8) to base 7.
43031264
-435a8 (base 12) to base 3
-11112001102
What is -54c34 (base 15) in base 9?
-450454
What is -207c71 (base 14) in base 5?
-240103212
What is 104c6 (base 15) in base 14?
14bb9
66145 (base 7) to base 16
40a2
Convert 1331220 (base 5) to base 16.
69b4
15a535 (base 12) to base 16
5a779
Convert -120357 (base 12) to base 7.
-2320552
Convert 1220021122201 (base 3) to base 16.
f6706
What is -75473 (base 11) in base 14?
-2bda2
564302 (base 7) to base 13
36665
Convert 1100110100000000101010 (base 2) to base 8.
14640052
What is -3845413 (base 9) in base 10?
-2096940
What is -60401254 (base 7) in base 13?
-1064bb1
Convert 4a72e (base 16) to base 5.
34224232
What is 192a8 (base 15) in base 5?
10102413
-744636 (base 8) to base 10
-248222
Convert -11011010010100101 (base 2) to base 8.
-332245
2702440 (base 8) to base 3
1102100122002
-110000423 (base 5) to base 2
-1110010011101111111
Convert -874e3 (base 15) to base 12.
-188836
2003123 (base 6) to base 3
11202221220
What is -280138 (base 15) in base 2?
-111010101101110111100
What is 60e4a (base 15) in base 12?
12978a
What is 1100110010101101100 (base 2) in base 16?
6656c
What is 2ef0d (base 16) in base 3?
100202202002
Convert 9355 (base 16) to base 10.
37717
What is 210210232 (base 5) in base 7?
10235464
Convert -c60333 (base 13) to base 5.
-2141034211
What is -8c163 (base 13) in base 16?
-3e47e
Convert 12620 (base 8) to base 10.
5520
Convert -1100003033 (base 5) to base 14.
-4503cb
What is 285f8 (base 16) in base 15?
33ee8
Convert -16645a (base 15) to base 12.
-443634
1613127 (base 11) to base 10
2756651
46bb9b (base 12) to base 15
177da5
What is -21433430 (base 5) in base 3?
-100111011022
What is -3413758 (base 10) in base 2?
-1101000001011011111110
What is -6a92 (base 13) in base 3?
-202120020
Convert -1675261 (base 9) to base 3.
-1202112022001
What is 11e58c (base 16) in base 3?
2012120212212
225929 (base 11) to base 3
200020200012
What is -919706 (base 11) in base 6?
-51353352
Convert -1777404 (base 8) to base 12.
-213318
441314145 (base 6) to base 15
a63c62
Convert 64467 (base 8) to base 12.
13707
What is -46b16c (base 14) in base 5?
-1104143033
3203414 (base 5) to base 7
312203
Convert 40c45e (base 15) to base 2.
1011101111101101001101
Convert 1033221122 (base 4) to base 15.
669de
Convert -10102211021 (base 3) to base 4.
-100201111
Convert 66251 (base 8) to base 7.
144046
5297664 (base 11) to base 14
1349221
56a0ba (base 12) to base 5
323322443
What is -615892 (base 10) in base 14?
-120644
What is -93b9ab (base 12) in base 5?
-1043302011
What is 151234525 (base 6) in base 9?
5825108
Convert -11311012330 (base 4) to base 6.
-52431124
Convert -121403004 (base 5) to base 15.
-b5739
Convert 20761524 (base 8) to base 10.
4449108
800238 (base 13) to base 10
2970729
What is -10162cb (base 13) in base 14?
-90a61b
What is 111124213 (base 5) in base 9?
825175
What is 1101140110 (base 5) in base 9?
4404181
What is -2202200020120 (base 3) in base 10?
-1469841
Convert 5d9a6 (base 16) to base 14.
9da18
-16864a (base 11) to base 10
-260325
What is -321742 (base 10) in base 14?
-85378
-1141101423 (base 5) to base 9
-5026656
What is 112122210222 (base 3) in base 10?
288548
What is 183a678 (base 11) in base 5?
1244234023
Convert -63770 (base 11) to base 12.
-45823
-1662187 (base 11) to base 5
-1211003331
What is -6467948 (base 11) in base 15?
-ee969e
11010012222 (base 3) to base 11
55a0a
-1111101001100111 (base 2) to base 8
-175147
Convert -c2e669 (base 15) to base 9.
-18376620
What is -341021010 (base 5) in base 11?
-936011
Convert 2422723 (base 9) to base 13.
37027b
Convert 154b67 (base 12) to base 16.
5827f
What is 4699c (base 14) in base 15?
35e8a
Convert -721115 (base 8) to base 10.
-238157
What is d969d (base 14) in base 6?
15132255
What is -144150 (base 7) in base 11?
-19a34
-83c68 (base 13) to base 4
-321322021
c22d81 (base 15) to base 13
1bac327
What is 629307 (base 12) in base 6?
53122011
Convert 27b8475 (base 14) to base 8.
111403207
-22939 (base 14) to base 7
-500202
Convert 220111212211 (base 3) to base 15.
97e77
Convert -d58c (base 15) to base 11.
-309aa
Convert -45939a (base 13) to base 12.
-675b14
What is -26526 (base 10) in base 13?
-c0c6
-21051415 (base 8) to base 3
-22102111021002
What is -63cb5a (base 15) in base 5?
-2204014220
What is -22133300320 (base 4) in base 10?
-2751544
20120002201 (base 3) to base 2
11111100001010010
What is -12010221112 (base 3) in base 14?
-28cb1
1037083 (base 10) to base 16
fd31b
9774005 (base 10) to base 8
45221665
1450511 (base 6) to base 8
244713
Convert 1121100121020 (base 3) to base 10.
853368
What is -33188 (base 9) in base 4?
-11120033
What is -14201 (base 5) in base 15?
-536
What is 92b4b (base 13) in base 9?
441237
32043354 (base 6) to base 7
10660612
11001102021 (base 3) to base 10
79765
What is 300341 (base 9) in base 6?
3445231
321010323 (base 4) to base 8
710473
110201220011 (base 3) to base 7
2062621
Convert 22313360 (base 7) to base 15.
283b4e
-1c0f54 (base 16) to base 14
-35c244
11122024 (base 5) to base 2
11000000001010101
What is 5e2c4 (base 16) in base 12?
167284
-366077 (base 10) to base 5
-43203302
Convert 1ae7b (base 16) to base 11.
75885
6260646 (base 7) to base 5
143113432
Convert 602dbd (base 14) to base 10.
3235147
461538b (base 12) to base 5
11421414333
Convert -431615 (base 7) to base 8.
-222510
Convert 834666 (base 10) to base 4.
3023301222
Convert -8a76669 (base 11) to base 10.
-15894272
-21499 (base 10) to base 4
-11033323
1780676 (base 10) to base 5
423440201
110d4 (base 14) to base 11
29078
What is -100010010110111001110 (base 2) in base 10?
-1125838
63226522 (base 7) to base 9
11031141
Convert 3615527 (base 10) to base 8.
15625447
Convert 1011202230 (base 4) to base 8.
1054254
70974 (base 12) to base 5
14142121
What is -110210000210 (base 3) in base 11?
-161a80
Convert 102010200120 (base 3) to base 8.
654101
10010111100010100000111 (base 2) to base 11
2891838
What is 121120210201 (base 3) in base 14?
86d7b
-3209106 (base 11) to base 2
-10101100011000111111011
What is 5401 (base 9) in base 4?
332002
What is 245003 (base 11) in base 5?
44343244
-164b6ba (base 12) to base 11
-264a525
What is 27a74b (base 13) in base 10?
965729
-544030 (base 11) to base 3
-1122011021201
Convert 11002022201012 (base 3) to base 13.
5b04cc
Convert 44352525